inder when 33 is divided by i(u)?
9
Suppose -7*k + 266 = -5*k. Suppose -d + 8*d - k = 0. Calculate the remainder when d is divided by 4.
3
Suppose -49 = -2*x + 55. Let m(v) = -v**3 + 6*v**2 - 21*v + 61. What is the remainder when (-1)/(1*(-2)/x) is divided by m(4)?
8
Suppose -3*q + 3*y = -45, y - 80 = -7*q + 3*q. Let l = 11 - 25. Let b = 56 - l. What is the remainder when b is divided by q?
13
Let x(w) = w + 35. Let t be x(-6). Calculate the remainder when 43 is divided by (1 + 8/(-6))/(t/(-1914)).
21
What is the remainder when 82 is divided by (2 - (-13)/2)/(-18*(-15)/1620)?
31
Suppose -43 = -p + 2*d, -152*d = 4*p - 156*d - 152. Suppose 4*l = 2*l + 12. Calculate the remainder when p is divided by l.
3
Suppose -66*v = -72*v + 96. Calculate the remainder when 569 is divided by v.
9
Suppose 52*g - 363 = 19*g. Let j(m) = -m**2 - 10*m - 6. What is the remainder when j(-5) is divided by g?
8
Let v(m) = -37*m - 194. Let z be -6 + (-3)/(-6)*4. Calculate the remainder when v(-7) is divided by (-3 - z) + 1 - -9.
10
Suppose v - 299 = -5*q, 0*v = q + v - 59. What is the remainder when 773 is divided by q?
53
Suppose 0 = 4*u - 9*u + o - 64, u + 14 = -o. Suppose -430*t = -432*t - 34. Let z = u - t. What is the remainder when 18 is divided by z?
2
Suppose -s + 34 = q, -5*s = 4*q - 66 - 72. Calculate the remainder when 93 is divided by q.
29
Let t(u) = -u**2 + 41*u - 48. Suppose 0 = 4*k - k - 6. Suppose -4*m = -5*m - k*n + 87, 4*n + 174 = 2*m. What is the remainder when m is divided by t(39)?
27
Suppose -22 = -4*h + 2*h. Let x(r) = 12*r - 35. Let g be x(h). Suppose 152 - 29 = 5*d + 2*k, 4*d = -3*k + g. What is the remainder when 65 is divided by d?
15
Let k = 25300 + -24919. Calculate the remainder when 459 is divided by k.
78
Suppose -4*v + v - 798 = -24*v. What is the remainder when v is divided by 10?
8
Let r be (20 + -5 - 0) + 4. Suppose -r*o = 150 - 416. Calculate the remainder when 42 + -2 + -3 + 3 is divided by o.
12
Suppose -4*l + 0*l = 144. Let t = -9 - l. Suppose -q + 11 + 37 + 5 = 0. What is the remainder when q is divided by t?
26
Let w be (-1478)/(-14) + (-21)/(-49) + -1. What is the remainder when w + (5 - (7 + -4)) is divided by 37?
33
What is the remainder when 2 - ((-3 - -5) + -276) is divided by (-27270)/(-780) - (-16)/416?
31
Let k = 80 + -76. Suppose -5*r = 5*x - 100, 2*r - k*x + 6 = 16. What is the remainder when 44*(-9)/6*-2 is divided by r?
12
Suppose 1 = -3*w + 82. Suppose 8 + w = y. Let t = -2 - -10. Calculate the remainder when y is divided by t.
3
Let i be 2*(-12)/54 - (-3929)/(-9). Let c = -210 - i. Calculate the remainder when c is divided by 57.
56
Calculate the remainder when (-160176)/(-141) + ((1 - 1) + -2)*2 is divided by 103.
102
Let h = 66 + -272. Let u = -17370 + 17259. Let x = u - h. Calculate the remainder when x is divided by 14.
11
Let r be (-1)/(-2 + (-146)/(-74)). Suppose 29*v = r*v - 192. Calculate the remainder when 42 is divided by v.
18
Let s(l) = -3*l + 65. Let c be s(25). What is the remainder when 30 is divided by -8 - c - ((0 - 3) + -2)?
2
Suppose 24 = m - 4*w, 0 = -3*m - w + 6*w + 37. Suppose m*v + a = 61, 5*a - 6*a = -v + 9. Let q(u) = 15*u - 11. What is the remainder when q(8) is divided by v?
11
Let d(i) = i**2 - 6*i + 9. Let v be d(4). Calculate the remainder when 164 is divided by (-3 + v)*(-38 + 30 + -15).
26
Let g(d) = -45*d - 12. Let w be g(-2). Suppose 6*f - 234 = -w. Calculate the remainder when f is divided by 2*(3 - 27/(-6)).
11
Let l = 89 + 103. Suppose -6*o = -0*o - l. Let i = 996 + -904. What is the remainder when i is divided by o?
28
Let j(g) be the third derivative of -1/60*g**5 - 1/4*g**4 + 0*g + 0 + 16*g**2 + 7/6*g**3. What is the remainder when 102 is divided by j(-4)?
12
Let r(a) = -a**3 + 63*a**2 - 733*a - 26. Calculate the remainder when 2628 is divided by r(47).
27
Suppose -6*s = -3*q - 2*s, 5*q = 3*s. Suppose -4*x + 544 + 4 = q. Calculate the remainder when x is divided by 69.
68
Let t(d) = -d**3 - 8*d**2 - 5*d + 27. Let h be t(-7). What is the remainder when (-2)/(h/(-13)) + (-151)/(-1) is divided by 77?
76
Let d(o) = 75*o - 1467. Calculate the remainder when 149 is divided by d(20).
17
Let i(t) = -24*t + 10. Let k = -1911 + 1937. Calculate the remainder when i(-6) is divided by k.
24
Let f = 1446 + -1423. What is the remainder when 700 is divided by f?
10
Suppose -57 = 5*g - 367. Calculate the remainder when g is divided by -13*(-1 + -3 + 3).
10
Suppose 3*n - 200 = -5*x, 4*x - 269 - 199 = -8*n. What is the remainder when n is divided by 33?
22
Let u(l) = 10*l + 18*l**2 - 20 - 36*l**2 + 19*l**2. What is the remainder when 437 is divided by u(-15)?
52
Let z(j) = -49*j + 9. Let u be z(-15). Let g = u - 507. Calculate the remainder when g is divided by 10.
7
Let b(q) = -q**3 + 8*q**2 - q + 9. Let z be b(8). Calculate the remainder when 18 - (1 + (0 + 3 - z)) is divided by 8.
7
Let v(h) = -16*h + 549. Calculate the remainder when v(-15) is divided by 114.
105
Suppose u + 7*u + u = 0. Suppose u = 5*j + 23*j - 448. Suppose 122 = -0*b + 2*b. What is the remainder when b is divided by j?
13
Let s(c) = 39*c - 56. Let u be s(-11). Let y = -480 - u. What is the remainder when 58 is divided by y?
3
What is the remainder when -13 + (-4347)/(-18) + 2/(-4) is divided by 47?
40
Suppose 78 = y + 2*c, -24*y + 290 = -21*y - 2*c. Calculate the remainder when y is divided by 55.
37
Let h(l) = -2*l**2 - 41*l - 22. Let g be h(-20). Let w = 33 - 25. What is the remainder when 44/2 - 2/g is divided by w?
7
Let b = 519 - 497. Let o = -813 - -1359. What is the remainder when o is divided by b?
18
Suppose k + 2 = c - 0, -3*c + 12 = 0. Suppose -5*x = 3*u - 62, 5*u - 388 = x - 406. What is the remainder when x is divided by k?
1
Let g(k) = 142*k + 910. Suppose -4*s + 908 = -244. What is the remainder when s is divided by g(-6)?
56
Let q(u) = u**2 + u - 37. Let c be q(6). Suppose x - 33 = 5*l, -c*x + 29 = 5*l + 14. What is the remainder when 110 is divided by x?
6
Suppose -3*i = 2*i + n - 213, n - 87 = -2*i. Let u = -65 - -151. What is the remainder when i is divided by u/6 + 17/((-357)/(-14))?
12
Suppose -991 = -3*h + 443. What is the remainder when h is divided by 23 - (148/18 + 38/(-171))?
13
Suppose 3*y + 0*y + d - 49 = 0, -33 = -2*y - d. What is the remainder when (-126375)/(-995) - (-134)/(-13333) is divided by y?
15
Let b(i) = i**3 + 8*i**2 + 8*i + 9. Let f = 19 - 22. Suppose 4*q + 36 = 8*q. Calculate the remainder when b(f) is divided by q.
3
Suppose -3*n = 3*s - 9, -2*n + 5*s + 6 + 28 = 0. What is the remainder when 46 is divided by (-29)/(-1) - (n + -2 + -1)?
21
Let j(l) = l - 1. Let u be j(3). Suppose 2*c - c + 5*a = 27, -3*c = -u*a - 13. Suppose -n = -61 - c. What is the remainder when n is divided by 14?
12
Let z = 185 + -181. Suppose -4*h + 16 = 0, 4*h - 5*h - 396 = -z*i. Calculate the remainder when i is divided by 30.
10
Let z = -34 + 53. Let q be (5*1/(-2))/(z/76). Calculate the remainder when 37 is divided by q*(4 + -7 - -1).
17
Let t = -11978 + 12039. Calculate the remainder when 350 is divided by t.
45
Suppose -123*k + 80660 = 62*k. Calculate the remainder when k is divided by 88.
84
Let d(c) = -c**2 + 16*c - 25. Let u be d(14). Suppose 0*j + 4*m = j + 7, 0 = u*j + 4*m - 11. What is the remainder when 17 is divided by j?
0
Suppose -5*h = 4*r - 2010, -4*h + 9*r + 1608 = 8*r. What is the remainder when h is divided by 402?
0
Suppose -2*z + 555 = 2*b + 95, 0 = 4*z - 2*b - 962. What is the remainder when z is divided by 130?
107
Suppose 0 = -2*y + y + 376. What is the remainder when y is divided by ((-12)/42)/((-1758)/(-882) + -2)?
40
Let r(k) = 293*k + 1513. Let g(j) = -71*j + 2. What is the remainder when g(-4) is divided by r(-5)?
46
Suppose -443 - 137 = -5*t. Let p(d) = -19 + 9 - 3*d**2 + 13*d + 2*d**2. What is the remainder when t is divided by p(5)?
26
Let w = 3674 + -3613. Calculate the remainder when 79 is divided by w.
18
Suppose -21 + 4 = 4*x + 5*n, 2*x + 4 = -4*n. Let j(t) = -t + 72. What is the remainder when j(x) is divided by 12?
8
Let v(g) = -g**3 + g**2 + 19*g + 12. Let h be v(5). Suppose -5*y + 73 = j, -5*j + 3*y + 365 = h*y. What is the remainder when j is divided by 26?
21
Let d(j) = 3*j**3 - 43*j**2 - 19*j + 111. Calculate the remainder when d(15) is divided by 179.
97
L